ime factors of 53402?
2, 26701
List the prime factors of 37942.
2, 61, 311
What are the prime factors of 1780?
2, 5, 89
What are the prime factors of 5022?
2, 3, 31
List the prime factors of 57041.
57041
What are the prime factors of 473?
11, 43
What are the prime factors of 4099?
4099
List the prime factors of 89618.
2, 44809
What are the prime factors of 41249?
13, 19, 167
List the prime factors of 73100.
2, 5, 17, 43
What are the prime factors of 4796?
2, 11, 109
What are the prime factors of 4311?
3, 479
List the prime factors of 1974.
2, 3, 7, 47
What are the prime factors of 4761?
3, 23
List the prime factors of 18587.
18587
List the prime factors of 1027.
13, 79
List the prime factors of 1008.
2, 3, 7
What are the prime factors of 2259?
3, 251
List the prime factors of 17986.
2, 17, 23
List the prime factors of 56926.
2, 28463
What are the prime factors of 950?
2, 5, 19
List the prime factors of 4157.
4157
What are the prime factors of 12253?
12253
List the prime factors of 41849.
41849
What are the prime factors of 87307?
11, 7937
What are the prime factors of 619?
619
What are the prime factors of 17487?
3, 29, 67
What are the prime factors of 61069?
173, 353
What are the prime factors of 57003?
3, 19001
What are the prime factors of 85444?
2, 41, 521
List the prime factors of 578.
2, 17
List the prime factors of 2467.
2467
List the prime factors of 39144.
2, 3, 7, 233
What are the prime factors of 6996?
2, 3, 11, 53
What are the prime factors of 6469?
6469
List the prime factors of 9606.
2, 3, 1601
What are the prime factors of 6419?
7, 131
List the prime factors of 676.
2, 13
List the prime factors of 543.
3, 181
List the prime factors of 2503.
2503
List the prime factors of 92328.
2, 3, 3847
List the prime factors of 898.
2, 449
List the prime factors of 172.
2, 43
List the prime factors of 44706.
2, 3, 7451
What are the prime factors of 6292?
2, 11, 13
List the prime factors of 2067.
3, 13, 53
List the prime factors of 4158.
2, 3, 7, 11
List the prime factors of 141044.
2, 37, 953
What are the prime factors of 212?
2, 53
List the prime factors of 91763.
7, 13109
What are the prime factors of 4836?
2, 3, 13, 31
What are the prime factors of 6799?
13, 523
List the prime factors of 12567.
3, 59, 71
What are the prime factors of 70183?
70183
List the prime factors of 5943.
3, 7, 283
List the prime factors of 106558.
2, 53279
List the prime factors of 5879.
5879
List the prime factors of 53161.
53161
List the prime factors of 645.
3, 5, 43
List the prime factors of 13036.
2, 3259
What are the prime factors of 37576?
2, 7, 11, 61
What are the prime factors of 1953?
3, 7, 31
What are the prime factors of 35337?
3, 11779
List the prime factors of 1003.
17, 59
What are the prime factors of 21393?
3, 2377
What are the prime factors of 4055?
5, 811
What are the prime factors of 6676?
2, 1669
List the prime factors of 802.
2, 401
List the prime factors of 29693.
23, 1291
List the prime factors of 4545.
3, 5, 101
What are the prime factors of 2572?
2, 643
What are the prime factors of 15468?
2, 3, 1289
What are the prime factors of 20522?
2, 31, 331
What are the prime factors of 9834?
2, 3, 11, 149
What are the prime factors of 3007?
31, 97
What are the prime factors of 229?
229
What are the prime factors of 99885?
3, 5, 6659
What are the prime factors of 49357?
7, 11, 641
What are the prime factors of 3478?
2, 37, 47
List the prime factors of 120763.
120763
List the prime factors of 10852.
2, 2713
List the prime factors of 21655.
5, 61, 71
What are the prime factors of 65791?
11, 5981
List the prime factors of 19508.
2, 4877
What are the prime factors of 1640?
2, 5, 41
List the prime factors of 19711.
23, 857
List the prime factors of 3209.
3209
List the prime factors of 15157.
23, 659
What are the prime factors of 2057?
11, 17
What are the prime factors of 2567?
17, 151
List the prime factors of 382.
2, 191
What are the prime factors of 2766?
2, 3, 461
List the prime factors of 40042.
2, 20021
What are the prime factors of 2050?
2, 5, 41
List the prime factors of 2076.
2, 3, 173
What are the prime factors of 29881?
29881
List the prime factors of 398.
2, 199
What are the prime factors of 1757?
7, 251
List the prime factors of 4745.
5, 13, 73
What are the prime factors of 203?
7, 29
What are the prime factors of 642?
2, 3, 107
List the prime factors of 19435.
5, 13, 23
List the prime factors of 2615.
5, 523
List the prime factors of 70836.
2, 3, 5903
What are the prime factors of 10201?
101
What are the prime factors of 2534?
2, 7, 181
What are the prime factors of 6417?
3, 23, 31
What are the prime factors of 3774?
2, 3, 17, 37
List the prime factors of 1349.
19, 71
List the prime factors of 7015.
5, 23, 61
What are the prime factors of 5089?
7, 727
List the prime factors of 2143.
2143
List the prime factors of 8437.
11, 13, 59
List the prime factors of 9737.
7, 13, 107
List the prime factors of 980.
2, 5, 7
What are the prime factors of 24200?
2, 5, 11
List the prime factors of 778.
2, 389
What are the prime factors of 165564?
2, 3, 7, 73
What are the prime factors of 18283?
47, 389
List the prime factors of 1529.
11, 139
List the prime factors of 87302.
2, 43651
What are the prime factors of 18264?
2, 3, 761
List the prime factors of 44709.
3, 7, 2129
What are the prime factors of 2448?
2, 3, 17
What are the prime factors of 3916?
2, 11, 89
List the prime factors of 616.
2, 7, 11
What are the prime factors of 5574?
2, 3, 929
What are the prime factors of 683?
683
List the prime factors of 202.
2, 101
List the prime factors of 1199.
11, 109
What are the prime factors of 13074?
2, 3, 2179
What are the prime factors of 16254?
2, 3, 7, 43
What are the prime factors of 4007?
4007
What are the prime factors of 638?
2, 11, 29
What are the prime factors of 709?
709
List the prime factors of 9627.
3, 3209
What are the prime factors of 12836?
2, 3209
What are the prime factors of 1191?
3, 397
What are the prime factors of 91708?
2, 101, 227
What are the prime factors of 729?
3
What are the prime factors of 5009?
5009
List the prime factors of 26760.
2, 3, 5, 223
List the prime factors of 36073.
36073
What are the prime factors of 31524?
2, 3, 37, 71
What are the prime factors of 9925?
5, 397
List the prime factors of 83589.
3, 11, 17, 149
What are the prime factors of 852?
2, 3, 71
What are the prime factors of 3441?
3, 31, 37
List the prime factors of 13099.
13099
What are the prime factors of 715?
5, 11, 13
List the prime factors of 19197.
3, 79
List the prime factors of 15897.
3, 7, 757
What are the prime factors of 458?
2, 229
List the prime factors of 945.
3, 5, 7
What are the prime factors of 58594?
2, 29297
List the prime factors of 22847.
11, 31, 67
What are the prime factors of 633?
3, 211
List the prime factors of 1977.
3, 659
List the prime factors of 46.
2, 23
List the prime factors of 19054.
2, 7, 1361
List the prime factors of 47997.
3, 5333
List the prime factors of 13155.
3, 5, 877
List the prime factors of 38624.
2, 17, 71
What are the prime factors of 120665?
5, 24133
List the prime factors of 40266.
2, 3, 2237
What are the prime factors of 1570?
2, 5, 157
List the prime factors of 57885.
3, 5, 17, 227
List the prime factors of 20702.
2, 11, 941
List the prime factors of 10133.
10133
What are the prime factors of 37046?
2, 18523
What are the prime factors of 3417?
3, 17, 67
What are the prime factors of 1827?
3, 7, 29
What are the prime factors of 11668?
2, 2917
What are the prime factors of 4786?
2, 2393
What are the prime factors of 128838?
2, 3, 109, 197
List the prime factors of 759.
3, 11, 23
What are the prime factors of 7497?
3, 7, 17
What are the prime factors of 494?
2, 13, 19
List the prime factors of 39537.
3, 23, 191
What are the prime factors of 5920?
2, 5, 37
What are the prime factors of 1940?
2, 5, 97
What are the prime factors of 585?
3, 5, 13
What are the prime factors of 46595?
5, 9319
What are the prime factors of 54801?
3, 6089
List the prime factors of 3897.
3, 433
List the prime factors of 2621.
2621
List the prime factors of 1663.
1663
What are the prime factors of 155432?
2, 19429
List the prime factors of 4300.
2, 5, 43
List the prime factors of 2994.
2, 3, 499
List the prime factors of 29932.
2, 7, 1